2
Let z(h) = 6*h**3 - 16*h**2 - 4*h + 164. What is the thousands digit of z(13)?
0
Let d(q) = -2*q + 59. Let t be d(31). Let m(v) = -18*v - 2. What is the units digit of m(t)?
2
Suppose -371260 = -161*o + 1130709. What is the thousands digit of o?
9
Suppose -4*l = -765 - 1935. Let b = l + -450. What is the hundreds digit of b?
2
Let a(f) = -f + 4. Let x be a(-7). Suppose -t + x = -0*t - 5*o, 5*o - 205 = -5*t. What is the units digit of t?
6
Let y(n) = 37*n**2 - n - 3. Let a be y(-1). Suppose 27*b - a*b = -3112. What is the tens digit of b?
8
Let h(v) = -40*v**2 - 6. Let l be h(-2). Let w = l - -179. What is the units digit of w?
3
Suppose -4*x + 72867 - 22024 = q, 3*x = -5*q + 254113. What is the thousands digit of q?
0
Let t(x) = 16772*x**2 + 525*x + 525. What is the hundreds digit of t(-1)?
7
Suppose 0 = -2*v + 10, -11 - 10 = -4*i - v. Let t be ((0 - -1)*-2)/(2/i). What is the tens digit of 1*(61 + t) + -3?
5
Let j = 13 + -10. Suppose j*h + f = 38, h - 4*f = -3*h + 24. Suppose 3*z - h = -g, -4 = g + z - 13. What is the units digit of g?
8
Let y(z) = 645*z - 664. What is the tens digit of y(14)?
6
Let b(a) = a**2 - 4*a - 25. Let j be b(-9). Let r be ((-2)/(-4)*2)/(23/j). Suppose -5*l = 3*d - 382, -3*d = r*l - l - 378. What is the units digit of d?
4
Let s(t) = -41*t - 178. What is the hundreds digit of s(-37)?
3
Let v(h) = 71*h**2 - 9*h + 18. Let b be v(4). Suppose -4*t + b = 3*n - 2067, -4*n - t + 4238 = 0. What is the thousands digit of n?
1
Let g = 3984 - 2071. What is the hundreds digit of g?
9
Suppose -2*d - a + 776 = -20, 2*a - 796 = -2*d. What is the tens digit of d?
9
What is the thousands digit of -18 + 797650/40 - (-3)/(-12)?
9
Suppose 0 = v + 45 - 31. Let o be (-946)/v - (-4)/(-7). Suppose -n - 4 = -o. What is the tens digit of n?
6
Let h(o) = -4*o + 7. Let t be h(1). Suppose -16*v = t*v - 11989. What is the hundreds digit of v?
6
Suppose 432 = -37*o + o. Let b(n) = -n**2 - 46*n - 1. What is the hundreds digit of b(o)?
4
Let h be (2 - 2)/3*(-1)/3. Suppose 5*s - 9*s + 1384 = h. What is the units digit of s?
6
Suppose 5*l - k = 190228, 749*k = 747*k + 14. What is the hundreds digit of l?
0
Let r(h) = -37*h - 250. Let p be r(-13). Let b = 1594 - p. What is the tens digit of b?
6
Suppose 2*y - 29 = -117. Let l be (-1)/(3/(-180)) + -2. Let g = y + l. What is the units digit of g?
4
What is the tens digit of -2 + (-1 - -7) - (11 + -1430)?
2
Suppose 23853266 = 93*a + 269*a. What is the tens digit of a?
9
What is the tens digit of (78/117)/((-3)/(-59463))?
1
What is the thousands digit of (5 + -9 - -9*1)*18272/8?
1
Let w be -428 + (4 + -7 - -4). Let o = w + 750. What is the tens digit of o?
2
Suppose 5*u + 4*c = 325142, 0 = -5*u + 667*c - 664*c + 325121. What is the thousands digit of u?
5
Suppose 0 = -80*z - 33871 + 107311. What is the units digit of z?
8
Suppose 4*z - 6 = 2*p, 0 = -0*z + 3*z - 2*p - 4. Suppose 0 = -z*y - 15 - 21. What is the units digit of 6/y + 76/3?
5
Let z(u) = u**2 + u - 3. Let w be z(-3). Suppose -800 = -3*i + 4*x, -w*x - 74 = -i + 196. What is the tens digit of i?
6
Suppose 64*a - 4343908 = -3*a - 60*a. What is the thousands digit of a?
4
Let y(t) = t**3 - 17*t**2 - 239*t - 91. What is the units digit of y(37)?
6
Let q = -289 - -819. Suppose -3*d - 4*x + 289 = 0, 11*x - 8*x + q = 5*d. What is the hundreds digit of d?
1
Let o(t) = 649 + 2*t - 1289 + 644 + 13*t. Suppose -a + 3 = -1. What is the tens digit of o(a)?
6
Let r(j) = j**2 + 5*j - 24. Let m be (3/(-18)*4)/((-2)/(-15)). Let i be (-1)/m + 972/(-60). What is the hundreds digit of r(i)?
1
Suppose -y - 3*a = -1557, 4*y = -0*a + a + 6189. Suppose 3*k - y = -5*l, -5 = l - 2. Let u = -366 + k. What is the tens digit of u?
5
Let l = 41815 - -33061. What is the tens digit of l?
7
Suppose 88*o = -62*o - 51*o + 7717194. What is the hundreds digit of o?
3
Suppose 335252 - 92315 = 80*h - 145623. What is the units digit of h?
7
Let m(h) = h**2 - 12*h + 1. Let t be m(15). Suppose -3*x = -5*x + t. Suppose -x = 2*f - 163. What is the tens digit of f?
7
Suppose 0 = 5*r + 5*v - 5850, 3*r - 5*r = -v - 2340. Suppose -r = -13*t + 12*t. What is the tens digit of (-2)/5 + t/50?
2
Let p(d) = d**3 - 6*d**2 - 24*d - 22. Let z be p(9). Let l(t) = 25*t - 41. What is the tens digit of l(z)?
8
Let b be (138/(-184))/(1/(-140)). Suppose o = 553 + b. What is the tens digit of o?
5
Suppose -12*w + 37898 = -113146. What is the tens digit of w?
8
Let p = 17621 + -12632. What is the tens digit of p?
8
Let i(a) = -93*a**3 - a - 1. Suppose -2*q + 0*z + 3 = 5*z, -3*z + 3 = 0. What is the units digit of i(q)?
3
Suppose 41504 = 4*j - 4*p, 3*j - 8082 = -4*p + 23039. What is the thousands digit of j?
0
Suppose 24 = -0*r + 4*r. Let z = r + -7. What is the units digit of (z - 0)*-1*5?
5
Let v(h) = 32*h - 12. Suppose -6*z - 6 = -18. Let m be v(z). Suppose 151 = 53*s - m*s. What is the units digit of s?
1
Let r = -9997 + 29898. What is the units digit of r?
1
Let m be 0 + -5 - (14 + 2). Let g = m - -129. What is the hundreds digit of g?
1
Suppose 4*f + 3*k = 8*f - 25, -4*f + 13 = k. Suppose 2*s = -2*a + 6, -6*a = -5*a - f*s - 28. What is the units digit of a?
8
Let x = 24676 + -18537. What is the thousands digit of x?
6
Let j be (1 - 1)*(-2)/10. Let b be (-2)/(-8) - (387/12 + j). What is the units digit of 19/4*-18*b/24?
4
Let n be 28/(((-15)/(-3))/(-5)). Let g = -28 - n. Suppose g*d = 4*d - 36. What is the units digit of d?
9
Let g be 579/(((-4)/(-6))/((-36)/(-81))). Suppose -2*j + g = 5*v, -2*v + 6*j = 3*j - 162. What is the tens digit of v?
7
What is the tens digit of (13 - -27 - 127)*137/6*-2?
7
Let r = 98 + -61. Suppose 5*s - 47 = -r. What is the tens digit of (s/(-8) - -3)*4?
1
Suppose 3*o - 12007 = j + 1662, -2*j - 2 = 0. What is the units digit of o?
6
Let t = 174 + -173. What is the hundreds digit of 9/(81/927) + (t - 0)?
1
Let r = 39 + -73. Let n = r - -38. Suppose 3*k - n*a - 102 = 0, 190 = 5*k - 2*a + 6. What is the units digit of k?
8
Let v(z) = z**2 - z + 946. Let u be (-66)/(-242) - 9/33. What is the hundreds digit of v(u)?
9
Let h(l) = l**2 + 9*l + 6. Let i be h(-6). Suppose -93 = -6*u + 513. Let y = u + i. What is the tens digit of y?
8
Let m(o) = -5*o**3 - 25*o**2 + o - 5. Let n be m(-5). Let r(z) = z**3 + 21*z**2 + 15*z - 18. What is the tens digit of r(n)?
3
Let y = -516 + 520. Suppose -5*k + 5270 = -y*u, -4*u = -k - 8*u + 1054. What is the thousands digit of k?
1
Let m be 12/(-78)*-1 - (-2455)/13. Let t = 216 - m. What is the units digit of t?
7
What is the thousands digit of 17 + -27 + 18 + 23604 + -1?
3
Suppose -292219 = -4*a + c, 613*a - 611*a - 146108 = 2*c. What is the ten thousands digit of a?
7
Let u(y) = y**2 - 10*y + 6. Let p be u(10). Suppose p*r = -5*r - 99. What is the units digit of (r/2 - -1)/(3/(-78))?
1
Let p = 18510 - 8346. What is the ten thousands digit of p?
1
Let y(r) = r**3 + 10*r**2 - 10*r + 19. Let k be -1 + 0 + (-186)/(-7 + 4). Suppose -6*p - k - 5 = 0. What is the units digit of y(p)?
8
Let m be (-45)/(-27)*(8 + (-2 - 0)). Let c(u) = u**3 - 34*u - 14. What is the tens digit of c(m)?
4
Let v = 306 - 219. Let n = 130 + v. What is the hundreds digit of n?
2
Let q be 0/1 - (4 - (2 - -1)). Let i be 12/(-8)*(0 + (1 - q)). Let y(u) = -23*u + 5. What is the tens digit of y(i)?
7
Suppose 3*s - 2103 = 2*k + k, -3*k + 3513 = 5*s. Let h = s + -240. What is the hundreds digit of h?
4
Let x(n) = -11 - 81*n**2 - 65*n**2 - n + 153*n**2. What is the tens digit of x(6)?
3
Let y = 6823 + -3925. Suppose -4*p - 3*l + y = -p, -4*p = -5*l - 3819. What is the units digit of p?
1
Suppose -5*a + 65193 + 39562 = 4*t, -t = -2*a - 26179. What is the ten thousands digit of t?
2
Let g(f) = 6*f**3 - 8*f**2 - 50*f + 34. What is the tens digit of g(16)?
6
Suppose 3*h = 104*b - 105*b + 6, -b - 2*h = -4. What is the hundreds digit of (b - -52)*((-6750)/(-24))/15?
9
Let w(b) = b**2 - 40*b + 269. What is the hundreds digit of w(-55)?
4
Let r = -85401 - -125864. What is the thousands digit of r?
0
Suppose -y = -l + 12, -l + 0*y - 3*y = -8. Let z(d) = 100*d - 37. What is the hundreds digit of z(l)?
0
Let o = -8816 + 20369. What is the tens digit of o?
5
Let a(n) = 87*n - 112. Suppose 20 = 104*h - 100*h. What is the tens digit of a(h)?
2
Let z be (6/(-12))/(6/4)*-21. Suppose -10891 + 1511 = -z*m.